{"id":10180,"global_id":"www.eiger-grindelwald.ch\/fr\/?id=10180","global_id_lineage":["www.eiger-grindelwald.ch\/fr\/?id=10180"],"author":"2","status":"publish","date":"2022-04-25 13:53:39","date_utc":"2022-04-25 11:53:39","modified":"2023-12-05 14:49:18","modified_utc":"2023-12-05 13:49:18","url":"https:\/\/www.eiger-grindelwald.ch\/fr\/event\/eiger-chill-grill-concert-avec-daniel-kandlbauer-band\/","rest_url":"https:\/\/www.eiger-grindelwald.ch\/fr\/wp-json\/tribe\/events\/v1\/events\/10180","title":"Eiger Chill &#038; Grill concert avec Daniel Kandlbauer &#038; Band","description":"<p>Nous sommes tr\u00e8s heureux de pouvoir c\u00e9l\u00e9brer avec vous, en cette ann\u00e9e sp\u00e9ciale sans grands festivals, un \u00e9v\u00e9nement informel \u00e0 petite \u00e9chelle sur la EIGER+ Nordwandplatz!<\/p>\n<p>Vivez un concert unique avec Daniel Kandlbauer &amp; Band \u00e0 l&rsquo;Eiger Chill &amp; Grill un soir d&rsquo;\u00e9t\u00e9 dans une atmosph\u00e8re chaleureuse avec un service de restauration et de bar.<\/p>\n<ul>\n<li>EIGER+ Nordwandplatz<\/li>\n<li><strong>Vendredi 3 juillet 2020<\/strong> \/ entr\u00e9e dans la zone du festival \u00e0 partir de 19 heures<\/li>\n<li>Concert avec Daniel Kandlbauer &amp; Band \u00e0 20h30<\/li>\n<li>Frais de participation par table de 8 CHF 80<\/li>\n<li>Inscription directement \u00e0 l&rsquo;h\u00f4tel Eiger Selfness <a href=\"mailto:resort@eiger-grindelwald.ch\">resort@eiger-grindelwald.ch<\/a> (premier arriv\u00e9, premier servi)<\/li>\n<\/ul>","excerpt":"","slug":"eiger-chill-grill-concert-avec-daniel-kandlbauer-band","image":{"url":"https:\/\/www.eiger-grindelwald.ch\/wp-content\/uploads\/2022\/04\/eiger-chill-and-grill.jpg","id":9814,"extension":"jpg","width":1046,"height":570,"sizes":{"medium":{"width":300,"height":163,"mime-type":"image\/jpeg","url":"https:\/\/www.eiger-grindelwald.ch\/wp-content\/uploads\/2022\/04\/eiger-chill-and-grill-300x163.jpg"},"large":{"width":1024,"height":558,"mime-type":"image\/jpeg","url":"https:\/\/www.eiger-grindelwald.ch\/wp-content\/uploads\/2022\/04\/eiger-chill-and-grill-1024x558.jpg"},"thumbnail":{"width":150,"height":150,"mime-type":"image\/jpeg","url":"https:\/\/www.eiger-grindelwald.ch\/wp-content\/uploads\/2022\/04\/eiger-chill-and-grill-150x150.jpg"},"medium_large":{"width":768,"height":419,"mime-type":"image\/jpeg","url":"https:\/\/www.eiger-grindelwald.ch\/wp-content\/uploads\/2022\/04\/eiger-chill-and-grill-768x419.jpg"}},"ShortPixel":{"type":"lossy","exifKept":"0","date":"2022-04-25 12:46:24","thumbsOpt":4,"thumbsOptList":["eiger-chill-and-grill-300x163.jpg","eiger-chill-and-grill-1024x558.jpg","eiger-chill-and-grill-150x150.jpg","eiger-chill-and-grill-768x419.jpg"],"excludeSizes":[],"retinasOpt":0},"ShortPixelImprovement":"41.41"},"all_day":false,"start_date":"2020-07-03 19:00:00","start_date_details":{"year":"2020","month":"07","day":"03","hour":"19","minutes":"00","seconds":"00"},"end_date":"2020-07-03 23:00:00","end_date_details":{"year":"2020","month":"07","day":"03","hour":"23","minutes":"00","seconds":"00"},"utc_start_date":"2020-07-03 17:00:00","utc_start_date_details":{"year":"2020","month":"07","day":"03","hour":"17","minutes":"00","seconds":"00"},"utc_end_date":"2020-07-03 21:00:00","utc_end_date_details":{"year":"2020","month":"07","day":"03","hour":"21","minutes":"00","seconds":"00"},"timezone":"Europe\/Zurich","timezone_abbr":"CEST","cost":"","cost_details":{"currency_symbol":"","currency_code":"","currency_position":"prefix","values":[]},"website":"","show_map":false,"show_map_link":false,"hide_from_listings":false,"sticky":false,"featured":false,"categories":[],"tags":[],"venue":[],"organizer":[],"custom_fields":[],"json_ld":{"@context":"http:\/\/schema.org","@type":"Event","name":"Eiger Chill &#038; Grill concert avec Daniel Kandlbauer &#038; Band","description":"&lt;p&gt;Nous sommes tr\u00e8s heureux de pouvoir c\u00e9l\u00e9brer avec vous, en cette ann\u00e9e sp\u00e9ciale sans grands festivals, un \u00e9v\u00e9nement informel \u00e0 petite \u00e9chelle sur la EIGER+ Nordwandplatz! Vivez un concert unique [&hellip;]&lt;\/p&gt;\\n","image":"https:\/\/www.eiger-grindelwald.ch\/wp-content\/uploads\/2022\/04\/eiger-chill-and-grill.jpg","url":"https:\/\/www.eiger-grindelwald.ch\/fr\/event\/eiger-chill-grill-concert-avec-daniel-kandlbauer-band\/","eventAttendanceMode":"https:\/\/schema.org\/OfflineEventAttendanceMode","eventStatus":"https:\/\/schema.org\/EventScheduled","startDate":"2020-07-03T19:00:00+02:00","endDate":"2020-07-03T23:00:00+02:00","performer":"Organization"},"is_virtual":false,"virtual_url":null,"virtual_video_source":""}

<p>Nous sommes très heureux de pouvoir célébrer avec vous, en cette année spéciale sans grands festivals, un événement informel à petite échelle sur la EIGER+ Nordwandplatz!</p>
<p>Vivez un concert unique avec Daniel Kandlbauer &amp; Band à l&rsquo;Eiger Chill &amp; Grill un soir d&rsquo;été dans une atmosphère chaleureuse avec un service de restauration et de bar.</p>
<ul>
<li>EIGER+ Nordwandplatz</li>
<li><strong>Vendredi 3 juillet 2020</strong> / entrée dans la zone du festival à partir de 19 heures</li>
<li>Concert avec Daniel Kandlbauer &amp; Band à 20h30</li>
<li>Frais de participation par table de 8 CHF 80</li>
<li>Inscription directement à l&rsquo;hôtel Eiger Selfness <a href="mailto:resort@eiger-grindelwald.ch">resort@eiger-grindelwald.ch</a> (premier arrivé, premier servi)</li>
</ul>

&lt;p&gt;Nous sommes très heureux de pouvoir célébrer avec vous, en cette année spéciale sans grands festivals, un événement informel à petite échelle sur la EIGER+ Nordwandplatz! Vivez un concert unique [&hellip;]&lt;/p&gt;\n
